{"id":3,"date":"2025-12-01T14:58:30","date_gmt":"2025-12-01T13:58:30","guid":{"rendered":"https:\/\/www.upgradingservices.it\/?page_id=3"},"modified":"2025-12-02T00:06:06","modified_gmt":"2025-12-01T23:06:06","slug":"privacy-policy","status":"publish","type":"page","link":"https:\/\/www.upgradingservices.it\/index.php\/privacy-policy\/","title":{"rendered":"Privacy Policy"},"content":{"rendered":"\n<h2 class=\"wp-block-heading\"><strong>Informativa sui dati personali e Privacy Policy<\/strong><\/h2>\n\n\n\n<h2 class=\"wp-block-heading\"><\/h2>\n\n\n\n<p>Gentile Cliente,<\/p>\n\n\n\n<p>ai sensi dell\u2019art.13 del Regolamento Europeo UE 2016\/679 (di seguito GDPR), nonch\u00e9 del D.lgs. 196\/2003, cos\u00ec come modificato dal D.lgs. 101\/2018, si forniscono, in ossequio al principio di trasparenza, le seguenti informazioni al fine di renderla consapevole delle caratteristiche e modalit\u00e0 di trattamento dei suoi dati personali conferiti e comunicati durante la navigazione sul sito web della UPGRADING SERVICES S.P.A.: <a href=\"http:\/\/www.upgradingservices.it\">www.upgradingservices.it<\/a><\/p>\n\n\n\n<p>Il trattamento dei dati, liberamente conferiti o in altro modo raccolti, sar\u00e0 effettuato nel pieno rispetto delle norme sulla privacy in vigore ed improntato ai principi di correttezza, liceit\u00e0 e trasparenza, nonch\u00e9 svolto in ossequio ai principi di pertinenza, completezza e non eccedenza.<\/p>\n\n\n\n<p><strong>Titolare del Trattamento<\/strong><\/p>\n\n\n\n<p>La societ\u00e0 Upgrading Services S.p.a., in persona del suo l.r.p.t., con sede legale in Bari (BA), alla Via Aulisio n. 45, CAP 70124, P.IVA: 06276020721, va considerata a tutti gli effetti Titolare del Trattamento dei dati.<\/p>\n\n\n\n<ol class=\"wp-block-list\">\n<li><strong>Base giuridica del trattamento<\/strong><\/li>\n<\/ol>\n\n\n\n<p>I dati personali indicati di seguito saranno trattati dal Titolare del Trattamento in ossequio ad una norma di legge nazionale o internazionale, in adempimento e per l\u2019esecuzione del contratto di cui lo stesso interessato \u00e8 parte, nonch\u00e9 sulla base di un suo esplicito consenso laddove necessario e da Lei prontamente rilasciato.<\/p>\n\n\n\n<p>Un eventuale rifiuto, pur se legittimo, a fornire in tutto o in parte i dati personali, potrebbe compromettere il regolare svolgimento del rapporto con la nostra struttura ed in particolare, per i dati personali, per natura obbligatori e\/o indispensabili, potrebbe comportare l\u2019impossibilit\u00e0 da parte nostra di effettuare il normale svolgimento delle operazioni aziendali e la regolare erogazione dei prodotti\/servizi richiesti.<\/p>\n\n\n\n<p>Il conferimento, invero, \u00e8, per sua natura, facoltativo, restando nella disponibilit\u00e0 del singolo, ma il rifiuto comporta l\u2019impossibilit\u00e0 per l\u2019azienda di dare avvio ed esecuzione al rapporto contrattuale, stante la difficolt\u00e0 di dare corso agli impegni contrattuali eventualmente assunti.<\/p>\n\n\n\n<ul class=\"wp-block-list\">\n<li><strong>Finalit\u00e0<\/strong><\/li>\n<\/ul>\n\n\n\n<p>I dati saranno raccolti, registrati e trattati per le finalit\u00e0 di seguito elencate. Pertanto, secondo quanto disposto dall\u2019art. 13 del Regolamento Europeo Privacy UE 2016\/679 (GDPR) e dal D.Lgs. 101\/2018, le finalit\u00e0 sono le seguenti:<\/p>\n\n\n\n<p>Esecuzione del servizio richiesto;<\/p>\n\n\n\n<p>Adempimento degli obblighi derivanti da leggi e normative nazionali e comunitarie;<\/p>\n\n\n\n<p>Navigazione sul sito web <a href=\"http:\/\/www.upgradingservices.it\">www.upgradingservices.it<\/a> ;<\/p>\n\n\n\n<p>Gestione del Form di contatto presente sul sito web, attraverso cui \u00e8 data la possibilit\u00e0 al singolo utente di contattare l\u2019azienda, previo inserimento dei propri dati personali;<\/p>\n\n\n\n<p>Gestione dell\u2019\u201cArea Fornitori\u201d, per la registrazione o l\u2019accesso alla propria area personale.<\/p>\n\n\n\n<p><strong>Form di contatto<\/strong><\/p>\n\n\n\n<p>I dati personali di cui entra in possesso il Titolare del Trattamento nel caso di specie sono da Lei liberamente rilasciati e conferiti, e dalla societ\u00e0 trattati unicamente per le finalit\u00e0 sottese alle esigenze che hanno legittimato la richiesta.<\/p>\n\n\n\n<p>Nel caso di specie, la base giuridica del trattamento si rinviene nella prestazione del consenso che s\u2019intende acquisito mediante la compilazione da parte dell\u2019interessato dell\u2019apposito box previsto sul sito e con cui si accettano i termini e le condizioni della privacy policy.<\/p>\n\n\n\n<p>I dati personali che possono essere forniti sono i seguenti: azienda, localit\u00e0, nome del richiedente, indirizzo mail, numero di telefono, messaggio allegato.<\/p>\n\n\n\n<p><strong>Area Fornitori<\/strong><\/p>\n\n\n\n<p>I dati personali vengono da Lei liberamente e consapevolmente rilasciati al fine di richiedere ed ottenere la registrazione in qualit\u00e0 di Fornitore della Upgrading Services S.p.a. I dati vengono trattati dalla societ\u00e0 unicamente per le finalit\u00e0 sottese alla gestione delle pratiche inerenti il servizio di fornitura.<\/p>\n\n\n\n<p>\u00c8 possibile in ogni momento procedere con la cancellazione dalla predetta area riservata.<\/p>\n\n\n\n<p>Durante la procedura di accesso \u00e8 richiesto all\u2019interessato di prendere visione dell\u2019informativa privacy. La registrazione all\u2019Area Fornitori equivale a prestazione del consenso.<\/p>\n\n\n\n<ul class=\"wp-block-list\">\n<li><strong>Tipologia di dati trattati<\/strong><\/li>\n<\/ul>\n\n\n\n<p>Il Titolare del Trattamento entrer\u00e0 nella disponibilit\u00e0 dei seguenti dati: dati identificativi e anagrafici, qualora espressamente forniti dall\u2019interessato.<\/p>\n\n\n\n<p>Ai predetti dati devono aggiungersi i dati di navigazione, che non persistono sul sito decorsi sette giorni, salvo eventuali necessit\u00e0 imposte ex lege.<\/p>\n\n\n\n<p>I sistemi informatici e le procedure software utilizzate per il funzionamento di questo sito web acquisiscono, nel corso del loro normale esercizio, alcuni dati personali la cui trasmissione \u00e8 implicita nell\u2019uso della rete Internet, che risulta basata sul protocollo TCP\/IP. Si tratta di informazioni che non sono raccolte per essere associate a interessati identificati, ma che per loro stessa natura potrebbero, attraverso elaborazioni ed associazioni con dati detenuti da terzi, permettere di identificare gli utenti navigatori. In questa categoria di dati rientrano gli indirizzi IP, i nomi a dominio dei computer utilizzati dagli utenti che si connettono al sito, gli indirizzi in notazione URI (Uniform Resource Identifir) delle risorse richieste, l\u2019orario della richiesta, il metodo utilizzato nel sottoporre la richiesta al server web, la dimensione del file ottenuto in risposta, il codice numerico indicante lo stato della risposta data dal server web (buon fine, errore, ecc\u2026) ed altri parametri relativi al sistema operativo ed all\u2019ambiente informatico dell\u2019utente. Questi dati vengono utilizzati al solo fine di ricavare informazioni statistiche anonime sull\u2019uso del sitoweb di UPGRADING SERVICES S.P.A. Si evidenzia che i predetti dati potrebbero essere utilizzati per l\u2019accertamento di responsabilit\u00e0 in caso di reati informatici ai danni del sito web di UPGRADING SERVICES S.P.A o ad altri siti ad esso connessi o collegati, salva questa eventualit\u00e0, allo stato i dati sui contatti web non persistono per pi\u00f9 di sette giorni.<\/p>\n\n\n\n<p>A questi si aggiungono i cookies.<\/p>\n\n\n\n<p>Rispetto alla gestione dei cookie si rinvia all\u2019informativa espressamente predisposta per la loro specifica gestione.<\/p>\n\n\n\n<p>Qualora il trattamento dovesse riguardare anche dati personali rientrati nel novero dei dati sensibili (vale a dire, dati idonei a rivelare l\u2019origine razziale ed etnica, le convinzioni religiose filosofiche o di altro genere, le opinioni politiche, l\u2019adesione a partiti, sindacati, associazioni o organizzazioni a carattere religioso, filosofico, politico o sindacale, nonch\u00e9 i dati personali idonei a rivelare lo stato di salute e la vita sessuale) o giudiziari (vale a dire, idonei a rivelare provvedimenti in materia di casellario giudiziale, di anagrafe delle sanzioni amministrative dipendenti da reato e dei relativi carichi pendenti o la qualit\u00e0 di imputato o di indagato), ai sensi dell\u2019art. 9 GDPR, il trattamento potr\u00e0 avvenire unicamente per i casi espressamente contemplati al comma 2, lett. da a) a j), precisando che non sar\u00e0 comunque mai possibile il trattamento dei predetti dati sulla base del legittimo interesse del Titolare.<\/p>\n\n\n\n<p><strong>Minori<\/strong><\/p>\n\n\n\n<p>UPGRADING SERVICES S.P.A non utilizza consapevolmente il proprio sito web per richiedere dati a minori di 16 anni.<\/p>\n\n\n\n<ul class=\"wp-block-list\">\n<li><strong>Destinatari dei dati personali<\/strong><\/li>\n<\/ul>\n\n\n\n<p>Il trattamento dei dati raccolti \u00e8 effettuato da personale interno all\u2019Azienda individuato a tal fine e autorizzato del trattamento secondo specifiche istruzioni impartite nel rispetto della normativa vigente.<\/p>\n\n\n\n<p>Allo stesso tempo, tra i soggetti destinatari dei dati vanno annoverati:<\/p>\n\n\n\n<ul class=\"wp-block-list\">\n<li>Aziende, professionisti e consulenti che assistono l\u2019Azienda nella gestione degli strumenti informatici e di comunicazione, limitatamente ai dati indispensabili per l\u2019erogazione dei rispettivi servizi.<\/li>\n<\/ul>\n\n\n\n<p>Sono destinatari dei dati raccolti, qualora sia necessario o strumentale per l\u2019esecuzione delle finalit\u00e0 richiamate, anche eventuali soggetti terzi nominati Responsabili del Trattamento.<\/p>\n\n\n\n<p>&nbsp;I dati potranno, altres\u00ec, essere comunicati a Enti Pubblici, Forze di Polizia o altri soggetti pubblici o privati al solo fine di adempiere obblighi di legge, regolamento o normativa comunitaria.<\/p>\n\n\n\n<ul class=\"wp-block-list\">\n<li><strong>Trasferimenti dei dati personali verso paesi terzi o organizzazioni internazionali<\/strong><\/li>\n<\/ul>\n\n\n\n<p>I dati personali trattati dalla Upgrading Services S.p.a. non sono soggetti a diffusione o a trasferimento verso paesi terzi o Organizzazioni internazionali.<\/p>\n\n\n\n<p>Qualora il Titolare si trovi nelle condizioni di dovervi procedere, sar\u00e0 onere darne immediata e preventiva comunicazione.<\/p>\n\n\n\n<ul class=\"wp-block-list\">\n<li><strong>Regole sul trattamento dei dati<\/strong><\/li>\n<\/ul>\n\n\n\n<p>Ai sensi dell\u2019art. 4 GDPR, il trattamento dei dati personali pu\u00f2 consistere nelle seguenti operazioni: raccolta, registrazione, organizzazione, conservazione, consultazione e utilizzo, elaborazione, modificazione, selezione, estrazione e raffronto, interconnessione, trasmissione e comunicazione, diffusione, cancellazione e distruzione, blocco e limitazione.<\/p>\n\n\n\n<p>Ai sensi dell\u2019art, 32 GDPR, il trattamento potr\u00e0 essere effettuato con strumenti cartacei o con l\u2019ausilio di strumenti elettronici e telematici idonei ad assicurare la sicurezza e la riservatezza dei dati.<\/p>\n\n\n\n<p>Nello svolgimento delle operazioni di trattamento saranno, comunque, sempre adottare tutte le misure tecniche, informatiche, organizzative, logistiche e procedurali di sicurezza in modo che sia garantito il livello adeguato di protezione dei dati previsto dalla legge. Le metodologie menzionate, applicate per il trattamento, garantiscono l\u2019accesso ai dati ai soli soggetti autorizzati.<\/p>\n\n\n\n<p><strong>Luogo di trattamento dei dati<\/strong><\/p>\n\n\n\n<p>I trattamenti di dati connessi ai servizi web di questo sito hanno luogo presso la predetta sede sociale di UPGRADING SERVICES S.P.A.<\/p>\n\n\n\n<ul class=\"wp-block-list\">\n<li><strong>Diritti e facolt\u00e0 nella disponibilit\u00e0 dell\u2019interessato<\/strong><\/li>\n<\/ul>\n\n\n\n<p>Lei potr\u00e0 sempre richiedere in qualsiasi momento al Rappresentante Legale del Titolare del trattamento, via mail all\u2019indirizzo <a href=\"mailto:info@upgradingservices.it\">info@upgradingservices.it<\/a> copia dei Suoi dati personali, informazioni in merito alle modalit\u00e0 di trattamento dei dati, un elenco aggiornato con gli estremi identificativi di tutti i Responsabili del Trattamento, degli Amministratori di Sistema e di ogni altro soggetto parte del processo di trattamento.<\/p>\n\n\n\n<p>Nell\u2019ipotesi in cui dovesse riscontrare anomalie o violazioni in merito al trattamento dei suoi dati personali ha il diritto di rivolgersi al Garante per la protezione dei dati personali http:\/\/www.garanteprivacy.it oppure al Garante europeo della protezione dei dati utilizzando il seguente link http:\/\/www.edps.europa.eu.<\/p>\n\n\n\n<ol class=\"wp-block-list\">\n<li>Reclamo ad una autorit\u00e0 di controllo, in qualit\u00e0 di soggetto interessato \u2013 sito istituzionale del Garante Privacy www.garanteprivacy.it&nbsp;<\/li>\n\n\n\n<li>Diritto di accesso \u00e0 art 15: <em>\u201cL\u2019interessato ha il diritto di ottenere dal titolare del trattamento la conferma che sia o meno in corso un trattamento di dati personali che lo riguardano e in tal caso, di ottenere l\u2019accesso ai dati personali.\u201d<\/em><\/li>\n\n\n\n<li>Diritto di rettifica \u00e0 Art. 16: <em>\u201cL\u2019interessato ha il diritto di ottenere dal titolare del trattamento la rettifica dei dati personali inesatti che lo riguardano senza ingiustificato ritardo. Tenuto conto delle finalit\u00e0 del trattamento, l\u2019interessato ha il diritto di ottenere l\u2019integrazione dei dati personali incompleti, anche fornendo una dichiarazione integrativa.\u201d<\/em><\/li>\n\n\n\n<li>Diritto alla cancellazione (diritto all\u2019oblio) \u00e0 Art. 17: <em>\u201cL\u2019interessato ha il diritto di ottenere dal titolare del trattamento la cancellazione dei dati personali che lo riguardano senza ingiustificato ritardo e il titolare del trattamento ha l\u2019obbligo di cancellare senza ingiustificato ritardo i dati personali\u201d<\/em>, sulla base delle motivazioni riportate nel testo di legge.<\/li>\n\n\n\n<li>Diritto di limitazione del trattamento \u00e0 Art. 18: <em>\u201cL\u2019interessato ha il diritto di ottenere dal titolare del trattamento la limitazione del trattamento quando ricorre una delle seguenti ipotesi:<\/em><\/li>\n<\/ol>\n\n\n\n<ol class=\"wp-block-list\">\n<li><em>l\u2019interessato contesta l\u2019esattezza dei dati personali, per il periodo necessario al titolare del trattamento per verificare l\u2019esattezza di tali dati personali;<\/em><\/li>\n\n\n\n<li><em>il trattamento \u00e8 illecito e l\u2019interessato si oppone alla cancellazione dei dati personali e chiede invece che ne sia limitato l\u2019utilizzo;<\/em><\/li>\n\n\n\n<li><em>bench\u00e9 il titolare del trattamento non ne abbia pi\u00f9 bisogno ai fini del trattamento, i dati personali sono necessari all\u2019interessato per l\u2019accertamento, l\u2019esercizio o la difesa di un diritto in sede giudiziaria;<\/em><\/li>\n\n\n\n<li><em>l\u2019interessato si \u00e8 opposto al trattamento ai sensi dell\u2019articolo 21, paragrafo 1 del regolamento, in attesa della verifica in merito all\u2019eventuale prevalenza dei motivi legittimi del titolare del trattamento rispetto a quelli dell\u2019interessato.\u201d<\/em><\/li>\n<\/ol>\n\n\n\n<ol class=\"wp-block-list\">\n<li>Diritto alla portabilit\u00e0 dei dati \u00e0 Art. 20: <em>\u201cL\u2019interessato ha il diritto di ricevere in un formato strutturato, di uso comune e leggibile da dispositivo automatico i dati personali che lo riguardano forniti a un titolare del trattamento e ha il diritto di trasmettere tali dati a un altro titolare del trattamento senza impedimenti da parte del titolare del trattamento cui li ha forniti. (\u2026) Nell\u2019esercitare i propri diritti relativamente alla portabilit\u00e0 dei dati, l\u2019interessato ha il diritto di ottenere la trasmissione diretta dei dati personali da un titolare del trattamento all\u2019altro, se tecnicamente fattibile.\u201d<\/em><\/li>\n\n\n\n<li>Diritto di opposizione \u00e0 Art. 21: <em>\u201cL\u2019interessato ha il diritto di opporsi in qualsiasi momento, per motivi connessi alla sua situazione particolare, al trattamento dei dati personali che lo riguardano ai sensi dell\u2019art. 6, paragrafo 1, lettere e) o f), compresa la profilazione sulla base di tali disposizioni. Il titolare del trattamento si astiene dal trattare ulteriormente i dati personali salvo che egli dimostri l\u2019esistenza di motivi legittimi cogenti per procedere al trattamento che prevalgono sugli interessi, sui diritti e sulle libert\u00e0 dell\u2019interessato oppure per l\u2019accertamento, l\u2019esercizio o la difesa di un diritto in sede giudiziaria.\u201d<\/em><\/li>\n\n\n\n<li>Diritto di non essere sottoposto a processo decisionale automatizzato, compresa la profilazione \u00e0 Art. 22: <em>\u201cL\u2019interessato ha il diritto di non essere sottoposto a una decisione basata unicamente sul trattamento automatizzato, compresa la profilazione, che produca effetti giuridici che lo riguardano o che incida in modo analogo significativamente sulla sua persona.\u201d<\/em><\/li>\n<\/ol>\n\n\n\n<ul class=\"wp-block-list\">\n<li><strong>Periodo di conservazione dei dati personali<\/strong><\/li>\n<\/ul>\n\n\n\n<p>I dati personali oggetto dei trattamenti specifici verranno conservati per un periodo di tempo non superiore al conseguimento delle finalit\u00e0, in ossequio al principio di limitazione della conservazione ex art. 5 GDPR, e comunque, di regola, per un periodo non superiore a 10 anni, fatti salvi eventuali obblighi di legge.<\/p>\n","protected":false},"excerpt":{"rendered":"<p>Informativa sui dati personali e Privacy Policy Gentile Cliente, ai sensi dell\u2019art.13 del Regolamento Europeo UE 2016\/679 (di seguito GDPR), nonch\u00e9 del D.lgs. 196\/2003, cos\u00ec come modificato dal D.lgs. 101\/2018, si forniscono, in ossequio al principio di trasparenza, le seguenti informazioni al fine di renderla consapevole delle caratteristiche e modalit\u00e0 di trattamento dei suoi dati personali conferiti e comunicati durante la navigazione sul sito web della UPGRADING SERVICES S.P.A.: www.upgradingservices.it Il trattamento dei dati, liberamente conferiti o in altro modo raccolti, sar\u00e0 effettuato nel pieno rispetto delle norme sulla privacy in vigore ed improntato ai principi di correttezza, liceit\u00e0 e trasparenza, nonch\u00e9 svolto in ossequio ai principi di pertinenza, completezza e non eccedenza. Titolare del Trattamento La societ\u00e0 Upgrading Services S.p.a., in persona del suo l.r.p.t., con sede legale in Bari (BA), alla Via Aulisio n. 45, CAP 70124, P.IVA: 06276020721, va considerata a tutti gli effetti Titolare del Trattamento dei dati. I dati personali indicati di seguito saranno trattati dal Titolare del Trattamento in ossequio ad una norma di legge nazionale o internazionale, in adempimento e per l\u2019esecuzione del contratto di cui lo stesso interessato \u00e8 parte, nonch\u00e9 sulla base di un suo esplicito consenso laddove necessario e da Lei prontamente rilasciato. Un eventuale rifiuto, pur se legittimo, a fornire in tutto o in parte i dati personali, potrebbe compromettere il regolare svolgimento del rapporto con la nostra struttura ed in particolare, per i dati personali, per natura obbligatori e\/o indispensabili, potrebbe comportare l\u2019impossibilit\u00e0 da parte nostra di effettuare il normale svolgimento delle operazioni aziendali e la regolare erogazione dei prodotti\/servizi richiesti. Il conferimento, invero, \u00e8, per sua natura, facoltativo, restando nella disponibilit\u00e0 del singolo, ma il rifiuto comporta l\u2019impossibilit\u00e0 per l\u2019azienda di dare avvio ed esecuzione al rapporto contrattuale, stante la difficolt\u00e0 di dare corso agli impegni contrattuali eventualmente assunti. I dati saranno raccolti, registrati e trattati per le finalit\u00e0 di seguito elencate. Pertanto, secondo quanto disposto dall\u2019art. 13 del Regolamento Europeo Privacy UE 2016\/679 (GDPR) e dal D.Lgs. 101\/2018, le finalit\u00e0 sono le seguenti: Esecuzione del servizio richiesto; Adempimento degli obblighi derivanti da leggi e normative nazionali e comunitarie; Navigazione sul sito web www.upgradingservices.it ; Gestione del Form di contatto presente sul sito web, attraverso cui \u00e8 data la possibilit\u00e0 al singolo utente di contattare l\u2019azienda, previo inserimento dei propri dati personali; Gestione dell\u2019\u201cArea Fornitori\u201d, per la registrazione o l\u2019accesso alla propria area personale. Form di contatto I dati personali di cui entra in possesso il Titolare del Trattamento nel caso di specie sono da Lei liberamente rilasciati e conferiti, e dalla societ\u00e0 trattati unicamente per le finalit\u00e0 sottese alle esigenze che hanno legittimato la richiesta. Nel caso di specie, la base giuridica del trattamento si rinviene nella prestazione del consenso che s\u2019intende acquisito mediante la compilazione da parte dell\u2019interessato dell\u2019apposito box previsto sul sito e con cui si accettano i termini e le condizioni della privacy policy. I dati personali che possono essere forniti sono i seguenti: azienda, localit\u00e0, nome del richiedente, indirizzo mail, numero di telefono, messaggio allegato. Area Fornitori I dati personali vengono da Lei liberamente e consapevolmente rilasciati al fine di richiedere ed ottenere la registrazione in qualit\u00e0 di Fornitore della Upgrading Services S.p.a. I dati vengono trattati dalla societ\u00e0 unicamente per le finalit\u00e0 sottese alla gestione delle pratiche inerenti il servizio di fornitura. \u00c8 possibile in ogni momento procedere con la cancellazione dalla predetta area riservata. Durante la procedura di accesso \u00e8 richiesto all\u2019interessato di prendere visione dell\u2019informativa privacy. La registrazione all\u2019Area Fornitori equivale a prestazione del consenso. Il Titolare del Trattamento entrer\u00e0 nella disponibilit\u00e0 dei seguenti dati: dati identificativi e anagrafici, qualora espressamente forniti dall\u2019interessato. Ai predetti dati devono aggiungersi i dati di navigazione, che non persistono sul sito decorsi sette giorni, salvo eventuali necessit\u00e0 imposte ex lege. I sistemi informatici e le procedure software utilizzate per il funzionamento di questo sito web acquisiscono, nel corso del loro normale esercizio, alcuni dati personali la cui trasmissione \u00e8 implicita nell\u2019uso della rete Internet, che risulta basata sul protocollo TCP\/IP. Si tratta di informazioni che non sono raccolte per essere associate a interessati identificati, ma che per loro stessa natura potrebbero, attraverso elaborazioni ed associazioni con dati detenuti da terzi, permettere di identificare gli utenti navigatori. In questa categoria di dati rientrano gli indirizzi IP, i nomi a dominio dei computer utilizzati dagli utenti che si connettono al sito, gli indirizzi in notazione URI (Uniform Resource Identifir) delle risorse richieste, l\u2019orario della richiesta, il metodo utilizzato nel sottoporre la richiesta al server web, la dimensione del file ottenuto in risposta, il codice numerico indicante lo stato della risposta data dal server web (buon fine, errore, ecc\u2026) ed altri parametri relativi al sistema operativo ed all\u2019ambiente informatico dell\u2019utente. Questi dati vengono utilizzati al solo fine di ricavare informazioni statistiche anonime sull\u2019uso del sitoweb di UPGRADING SERVICES S.P.A. Si evidenzia che i predetti dati potrebbero essere utilizzati per l\u2019accertamento di responsabilit\u00e0 in caso di reati informatici ai danni del sito web di UPGRADING SERVICES S.P.A o ad altri siti ad esso connessi o collegati, salva questa eventualit\u00e0, allo stato i dati sui contatti web non persistono per pi\u00f9 di sette giorni. A questi si aggiungono i cookies. Rispetto alla gestione dei cookie si rinvia all\u2019informativa espressamente predisposta per la loro specifica gestione. Qualora il trattamento dovesse riguardare anche dati personali rientrati nel novero dei dati sensibili (vale a dire, dati idonei a rivelare l\u2019origine razziale ed etnica, le convinzioni religiose filosofiche o di altro genere, le opinioni politiche, l\u2019adesione a partiti, sindacati, associazioni o organizzazioni a carattere religioso, filosofico, politico o sindacale, nonch\u00e9 i dati personali idonei a rivelare lo stato di salute e la vita sessuale) o giudiziari (vale a dire, idonei a rivelare provvedimenti in materia di casellario giudiziale, di anagrafe delle sanzioni amministrative dipendenti da reato e dei relativi carichi pendenti o la qualit\u00e0 di imputato o di indagato), ai sensi dell\u2019art. 9 GDPR, il trattamento potr\u00e0 avvenire unicamente per i casi espressamente contemplati al comma 2, lett. da a) a<\/p>\n","protected":false},"author":2,"featured_media":0,"parent":0,"menu_order":0,"comment_status":"closed","ping_status":"open","template":"","meta":{"footnotes":""},"class_list":["post-3","page","type-page","status-publish","hentry"],"blocksy_meta":[],"_links":{"self":[{"href":"https:\/\/www.upgradingservices.it\/index.php\/wp-json\/wp\/v2\/pages\/3","targetHints":{"allow":["GET"]}}],"collection":[{"href":"https:\/\/www.upgradingservices.it\/index.php\/wp-json\/wp\/v2\/pages"}],"about":[{"href":"https:\/\/www.upgradingservices.it\/index.php\/wp-json\/wp\/v2\/types\/page"}],"author":[{"embeddable":true,"href":"https:\/\/www.upgradingservices.it\/index.php\/wp-json\/wp\/v2\/users\/2"}],"replies":[{"embeddable":true,"href":"https:\/\/www.upgradingservices.it\/index.php\/wp-json\/wp\/v2\/comments?post=3"}],"version-history":[{"count":1,"href":"https:\/\/www.upgradingservices.it\/index.php\/wp-json\/wp\/v2\/pages\/3\/revisions"}],"predecessor-version":[{"id":2178,"href":"https:\/\/www.upgradingservices.it\/index.php\/wp-json\/wp\/v2\/pages\/3\/revisions\/2178"}],"wp:attachment":[{"href":"https:\/\/www.upgradingservices.it\/index.php\/wp-json\/wp\/v2\/media?parent=3"}],"curies":[{"name":"wp","href":"https:\/\/api.w.org\/{rel}","templated":true}]}}